rs of 20412?
2, 3, 7
List the prime factors of 623.
7, 89
What are the prime factors of 171882?
2, 3, 1061
List the prime factors of 13342.
2, 7, 953
List the prime factors of 93930.
2, 3, 5, 31, 101
What are the prime factors of 1135?
5, 227
What are the prime factors of 24610?
2, 5, 23, 107
List the prime factors of 208.
2, 13
What are the prime factors of 1127?
7, 23
List the prime factors of 248.
2, 31
List the prime factors of 13872.
2, 3, 17
What are the prime factors of 995?
5, 199
List the prime factors of 30414.
2, 3, 37, 137
What are the prime factors of 986?
2, 17, 29
What are the prime factors of 6855?
3, 5, 457
List the prime factors of 3271.
3271
List the prime factors of 4151.
7, 593
What are the prime factors of 1124?
2, 281
What are the prime factors of 12011?
12011
List the prime factors of 12972.
2, 3, 23, 47
List the prime factors of 24652.
2, 6163
What are the prime factors of 9191?
7, 13, 101
What are the prime factors of 74211?
3, 29, 853
What are the prime factors of 193326?
2, 3, 7, 4603
What are the prime factors of 3209?
3209
List the prime factors of 556.
2, 139
What are the prime factors of 32962?
2, 16481
What are the prime factors of 17586?
2, 3, 977
What are the prime factors of 553?
7, 79
List the prime factors of 28038.
2, 3, 4673
List the prime factors of 3173.
19, 167
What are the prime factors of 7920?
2, 3, 5, 11
List the prime factors of 4371.
3, 31, 47
What are the prime factors of 1041?
3, 347
List the prime factors of 7515.
3, 5, 167
What are the prime factors of 61833?
3, 20611
What are the prime factors of 5190?
2, 3, 5, 173
What are the prime factors of 7969?
13, 613
What are the prime factors of 2407?
29, 83
List the prime factors of 53413.
31, 1723
List the prime factors of 6129.
3, 227
What are the prime factors of 1200?
2, 3, 5
List the prime factors of 450.
2, 3, 5
List the prime factors of 89999.
7, 13, 23, 43
What are the prime factors of 5851?
5851
List the prime factors of 1254.
2, 3, 11, 19
What are the prime factors of 128405?
5, 61, 421
What are the prime factors of 5510?
2, 5, 19, 29
List the prime factors of 938.
2, 7, 67
What are the prime factors of 48753?
3, 5417
List the prime factors of 7272.
2, 3, 101
What are the prime factors of 14864?
2, 929
List the prime factors of 45198.
2, 3, 31
List the prime factors of 81941.
67, 1223
List the prime factors of 10558.
2, 5279
List the prime factors of 263.
263
List the prime factors of 4624.
2, 17
What are the prime factors of 5359?
23, 233
List the prime factors of 16080.
2, 3, 5, 67
List the prime factors of 13193.
79, 167
What are the prime factors of 16107?
3, 7, 13, 59
List the prime factors of 5678.
2, 17, 167
List the prime factors of 4860.
2, 3, 5
What are the prime factors of 9103?
9103
List the prime factors of 17120.
2, 5, 107
What are the prime factors of 849?
3, 283
What are the prime factors of 17504?
2, 547
What are the prime factors of 8233?
8233
List the prime factors of 2090.
2, 5, 11, 19
List the prime factors of 1115.
5, 223
List the prime factors of 73227.
3, 7, 11, 317
What are the prime factors of 23346?
2, 3, 1297
List the prime factors of 2592.
2, 3
What are the prime factors of 1072?
2, 67
List the prime factors of 1559.
1559
List the prime factors of 8365.
5, 7, 239
What are the prime factors of 5119?
5119
What are the prime factors of 724?
2, 181
What are the prime factors of 2805?
3, 5, 11, 17
List the prime factors of 84341.
19, 23, 193
What are the prime factors of 23343?
3, 31, 251
List the prime factors of 28808.
2, 13, 277
List the prime factors of 712.
2, 89
What are the prime factors of 39244?
2, 9811
What are the prime factors of 509?
509
List the prime factors of 23165.
5, 41, 113
What are the prime factors of 31917?
3, 10639
What are the prime factors of 2139?
3, 23, 31
What are the prime factors of 17131?
37, 463
List the prime factors of 306.
2, 3, 17
What are the prime factors of 2941?
17, 173
List the prime factors of 2030.
2, 5, 7, 29
What are the prime factors of 95088?
2, 3, 7, 283
List the prime factors of 10446.
2, 3, 1741
What are the prime factors of 3714?
2, 3, 619
What are the prime factors of 25683?
3, 7, 1223
What are the prime factors of 839?
839
List the prime factors of 816.
2, 3, 17
What are the prime factors of 3903?
3, 1301
What are the prime factors of 1228?
2, 307
What are the prime factors of 7082?
2, 3541
What are the prime factors of 6537?
3, 2179
List the prime factors of 56023.
11, 463
What are the prime factors of 4229?
4229
List the prime factors of 3328.
2, 13
What are the prime factors of 48623?
48623
List the prime factors of 1193.
1193
List the prime factors of 68060.
2, 5, 41, 83
What are the prime factors of 217?
7, 31
What are the prime factors of 54055?
5, 19, 569
List the prime factors of 11.
11
List the prime factors of 936.
2, 3, 13
What are the prime factors of 217?
7, 31
What are the prime factors of 79?
79
List the prime factors of 72947.
7, 17, 613
List the prime factors of 1927.
41, 47
List the prime factors of 2884.
2, 7, 103
List the prime factors of 81973.
81973
What are the prime factors of 107610?
2, 3, 5, 17, 211
What are the prime factors of 1198?
2, 599
What are the prime factors of 365?
5, 73
What are the prime factors of 7012?
2, 1753
List the prime factors of 59346.
2, 3, 7, 157
What are the prime factors of 1893?
3, 631
What are the prime factors of 9675?
3, 5, 43
What are the prime factors of 27632?
2, 11, 157
What are the prime factors of 9375?
3, 5
List the prime factors of 14664.
2, 3, 13, 47
List the prime factors of 219.
3, 73
What are the prime factors of 5521?
5521
List the prime factors of 3144.
2, 3, 131
List the prime factors of 19574.
2, 9787
What are the prime factors of 105915?
3, 5, 23, 307
What are the prime factors of 2767?
2767
List the prime factors of 4685.
5, 937
What are the prime factors of 853?
853
List the prime factors of 1839.
3, 613
What are the prime factors of 3150?
2, 3, 5, 7
List the prime factors of 61.
61
List the prime factors of 37194.
2, 3, 6199
What are the prime factors of 63?
3, 7
List the prime factors of 115529.
23, 5023
List the prime factors of 5844.
2, 3, 487
What are the prime factors of 8053?
8053
What are the prime factors of 3836?
2, 7, 137
What are the prime factors of 2305?
5, 461
What are the prime factors of 393?
3, 131
What are the prime factors of 32942?
2, 7, 13, 181
List the prime factors of 7910.
2, 5, 7, 113
What are the prime factors of 132030?
2, 3, 5, 163
What are the prime factors of 802?
2, 401
What are the prime factors of 22840?
2, 5, 571
What are the prime factors of 1504?
2, 47
List the prime factors of 1873.
1873
List the prime factors of 1344.
2, 3, 7
What are the prime factors of 8588?
2, 19, 113
List the prime factors of 35151.
3, 11717
What are the prime factors of 2086?
2, 7, 149
What are the prime factors of 98079?
3, 32693
List the prime factors of 6109.
41, 149
What are the prime factors of 10078?
2, 5039
What are the prime factors of 180?
2, 3, 5
What are the prime factors of 149321?
19, 29, 271
List the prime factors of 7851.
3, 2617
What are the prime factors of 36549?
3, 31, 131
What are the prime factors of 1354?
2, 677
What are the prime factors of 2363?
17, 139
List the prime factors of 345.
3, 5, 23
List the prime factors of 612.
2, 3, 17
List the prime factors of 7598.
2, 29, 131
List the prime factors of 29941.
79, 379
What are the prime factors of 1270?
2, 5, 127
What are the prime factors of 1704?
2, 3, 71
List the prime factors of 439.
439
What are the prime factors of 345?
3, 5, 23
List the prime factors of 17378.
2, 8689
What are the prime factors of 44838?
2, 3, 47, 53
What are the prime factors of 398?
2, 199
List the prime factors of 8150.
2, 5, 163
What are the prime factors of 40026?
2, 3, 7, 953
What are the prime factors of 7654?
2, 43, 89
What are the prime factors of 1096?
2, 137
List the prime factors of 500.
2, 5
What are the prime factors of 1219?
23, 53
What are the prime factors of 2960?
2, 5, 37
List the prime factors of 3012.
2, 3, 251
What are the prime factors of 17537?
13, 19, 71
List the prime factors of 4939.
11, 449
What are the prime factors of 92935?
5, 18587
What are the prime factors of 15455?
5, 11, 281
List the prime fac